{"id":287,"date":"2022-09-29T11:39:08","date_gmt":"2022-09-29T11:39:08","guid":{"rendered":"http:\/\/kinderladen-strueverweg.de\/wordpress\/?page_id=287"},"modified":"2022-09-29T20:18:19","modified_gmt":"2022-09-29T20:18:19","slug":"foerderverein","status":"publish","type":"page","link":"https:\/\/kinderladen-strueverweg.de\/wordpress\/foerderverein\/","title":{"rendered":"F\u00f6rderverein"},"content":{"rendered":"\n<p>Wir wissen, wie gut die Zeit im Kinderladen unseren Kindern getan hat. Und wir wissen, wie gut die Zeit auch uns getan hat. Die Erfahrung zeigt, dass sich viele Verbindungen und Freundschaften auch nach der Kinderladenzeit halten. Wir haben den F\u00f6rderverein gegr\u00fcndet, weil wir den Kontakt zum Kinderladen halten und die Arbeit dieser vitalen Elterninitiative weiterhin unterst\u00fctzen wollen. Habt ihr auch Interesse, am freundschaftlichen Netzwerk gleich gesinnter Eltern mitzukn\u00fcpfen? Unterst\u00fctzt ihr die Idee, den Kindern am Str\u00fcverweg das attraktive Umfeld zu erhalten? Werdet doch Mitglied im F\u00f6rderverein zu einem Mindestbeitrag von 20 \u20ac im Jahr! Selbstverst\u00e4ndlich freuen wir uns auch \u00fcber Spenden \u2013 nat\u00fcrlich steuerlich abzugsf\u00e4hig.<\/p>\n\n\n\n<p>F\u00f6rderverein Kinderladen Str\u00fcverweg<br>Str\u00fcverweg 75<br>52070 Aachen<br>IBAN: DE87 3905 0000 0048 3578 83<br>BIC: AACSDE33<\/p>\n","protected":false},"excerpt":{"rendered":"<p>Wir wissen, wie gut die Zeit im Kinderladen unseren Kindern getan hat. Und wir wissen, wie gut die Zeit auch uns getan hat. Die Erfahrung zeigt, dass sich viele Verbindungen und Freundschaften auch nach der Kinderladenzeit halten. Wir haben den F\u00f6rderverein gegr\u00fcndet, weil wir den Kontakt zum Kinderladen halten und die Arbeit dieser vitalen Elterninitiative [&hellip;]<\/p>\n","protected":false},"author":1,"featured_media":0,"parent":0,"menu_order":0,"comment_status":"closed","ping_status":"closed","template":"","meta":{"footnotes":""},"class_list":["post-287","page","type-page","status-publish","hentry"],"_links":{"self":[{"href":"https:\/\/kinderladen-strueverweg.de\/wordpress\/wp-json\/wp\/v2\/pages\/287","targetHints":{"allow":["GET"]}}],"collection":[{"href":"https:\/\/kinderladen-strueverweg.de\/wordpress\/wp-json\/wp\/v2\/pages"}],"about":[{"href":"https:\/\/kinderladen-strueverweg.de\/wordpress\/wp-json\/wp\/v2\/types\/page"}],"author":[{"embeddable":true,"href":"https:\/\/kinderladen-strueverweg.de\/wordpress\/wp-json\/wp\/v2\/users\/1"}],"replies":[{"embeddable":true,"href":"https:\/\/kinderladen-strueverweg.de\/wordpress\/wp-json\/wp\/v2\/comments?post=287"}],"version-history":[{"count":2,"href":"https:\/\/kinderladen-strueverweg.de\/wordpress\/wp-json\/wp\/v2\/pages\/287\/revisions"}],"predecessor-version":[{"id":327,"href":"https:\/\/kinderladen-strueverweg.de\/wordpress\/wp-json\/wp\/v2\/pages\/287\/revisions\/327"}],"wp:attachment":[{"href":"https:\/\/kinderladen-strueverweg.de\/wordpress\/wp-json\/wp\/v2\/media?parent=287"}],"curies":[{"name":"wp","href":"https:\/\/api.w.org\/{rel}","templated":true}]}}

Förderverein

<p>Wir wissen, wie gut die Zeit im Kinderladen unseren Kindern getan hat. Und wir wissen, wie gut die Zeit auch uns getan hat. Die Erfahrung zeigt, dass sich viele Verbindungen und Freundschaften auch nach der Kinderladenzeit halten. Wir haben den Förderverein gegründet, weil wir den Kontakt zum Kinderladen halten und die Arbeit dieser vitalen Elterninitiative weiterhin unterstützen wollen. Habt ihr auch Interesse, am freundschaftlichen Netzwerk gleich gesinnter Eltern mitzuknüpfen? Unterstützt ihr die Idee, den Kindern am Strüverweg das attraktive Umfeld zu erhalten? Werdet doch Mitglied im Förderverein zu einem Mindestbeitrag von 20 € im Jahr! Selbstverständlich freuen wir uns auch über Spenden – natürlich steuerlich abzugsfähig.</p>



<p>Förderverein Kinderladen Strüverweg<br>Strüverweg 75<br>52070 Aachen<br>IBAN: DE87 3905 0000 0048 3578 83<br>BIC: AACSDE33</p>

<p>Wir wissen, wie gut die Zeit im Kinderladen unseren Kindern getan hat. Und wir wissen, wie gut die Zeit auch uns getan hat. Die Erfahrung zeigt, dass sich viele Verbindungen und Freundschaften auch nach der Kinderladenzeit halten. Wir haben den Förderverein gegründet, weil wir den Kontakt zum Kinderladen halten und die Arbeit dieser vitalen Elterninitiative [&hellip;]</p>
